{"id":3221,"date":"2024-07-01T22:55:47","date_gmt":"2024-07-01T22:55:47","guid":{"rendered":"https:\/\/www.res-food.eu\/?page_id=3221"},"modified":"2024-10-16T17:18:07","modified_gmt":"2024-10-16T17:18:07","slug":"pr1-methodological-framework-2","status":"publish","type":"page","link":"https:\/\/www.res-food.eu\/index.php\/hu\/pr1-methodological-framework-2\/","title":{"rendered":"PR1 &#8211; M\u00f3dszertani Keretrendszer"},"content":{"rendered":"\t\t<div data-elementor-type=\"wp-page\" data-elementor-id=\"3221\" class=\"elementor elementor-3221\">\n\t\t\t\t\t\t<section class=\"elementor-section elementor-top-section elementor-element elementor-element-f1d2790 elementor-reverse-tablet elementor-reverse-mobile elementor-section-boxed elementor-section-height-default elementor-section-height-default wpr-particle-no wpr-jarallax-no wpr-parallax-no wpr-sticky-section-no\" data-id=\"f1d2790\" data-element_type=\"section\" data-settings=\"{&quot;background_background&quot;:&quot;classic&quot;}\">\n\t\t\t\t\t\t<div class=\"elementor-container elementor-column-gap-default\">\n\t\t\t\t\t<div class=\"elementor-column elementor-col-50 elementor-top-column elementor-element elementor-element-7e98fed elementor-section-wrapper\" data-id=\"7e98fed\" data-element_type=\"column\">\n\t\t\t<div class=\"elementor-widget-wrap elementor-element-populated\">\n\t\t\t\t\t\t<div class=\"elementor-element elementor-element-d303e6b elementor-widget elementor-widget-heading\" data-id=\"d303e6b\" data-element_type=\"widget\" data-widget_type=\"heading.default\">\n\t\t\t\t<div class=\"elementor-widget-container\">\n\t\t\t\t\t<h2 class=\"elementor-heading-title elementor-size-default\">PR1 - M\u00f3dszertani Keretrendszer<\/h2>\t\t\t\t<\/div>\n\t\t\t\t<\/div>\n\t\t\t\t<div class=\"elementor-element elementor-element-07f08b5 elementor-widget elementor-widget-text-editor\" data-id=\"07f08b5\" data-element_type=\"widget\" data-widget_type=\"text-editor.default\">\n\t\t\t\t<div class=\"elementor-widget-container\">\n\t\t\t\t\t\t\t\t\t<p>A ReS-Food Projekt kezdeti eredm\u00e9nye a M\u00f3dszertani Keretrendszer, amely mind az \u00e9lelmiszerpazarl\u00e1st, mind pedig az \u00e9lelmiszer bizonytalans\u00e1got c\u00e9lozza. Kihangs\u00falyozza a strat\u00e9giai prioriz\u00e1l\u00e1s fontoss\u00e1g\u00e1t, a SWOT elemz\u00e9st, \u00e9s a hat\u00e9kony strat\u00e9gi\u00e1k fejleszt\u00e9s\u00e9t, hogy optimaliz\u00e1lja az \u00e9lelmiszer adom\u00e1nyoz\u00e1st \u00e9s eloszt\u00e1st. A keretrendszer el\u0151t\u00e9rbe helyezi a szab\u00e1lyok betart\u00e1s\u00e1nak jelent\u0151s\u00e9g\u00e9t a jogszab\u00e1lyokkal \u00e9s a technol\u00f3gi\u00e1k befogad\u00e1s\u00e1val \u00e9s kapacit\u00e1s-\u00e9p\u00edt\u0151 kezdem\u00e9nyez\u00e9sekkel, hogy n\u00f6velje a hat\u00e9konys\u00e1g\u00e1t \u00e9s a hat\u00e1s\u00e1t az \u00e9lelmiszerment\u0151 er\u0151fesz\u00edt\u00e9seknek.<\/p>\t\t\t\t\t\t\t\t<\/div>\n\t\t\t\t<\/div>\n\t\t\t\t<div class=\"elementor-element elementor-element-a0efd0e elementor-widget elementor-widget-heading\" data-id=\"a0efd0e\" data-element_type=\"widget\" data-widget_type=\"heading.default\">\n\t\t\t\t<div class=\"elementor-widget-container\">\n\t\t\t\t\t<h2 class=\"elementor-heading-title elementor-size-default\">Tartalom<\/h2>\t\t\t\t<\/div>\n\t\t\t\t<\/div>\n\t\t\t\t<div class=\"elementor-element elementor-element-9382e66 elementor-widget elementor-widget-heading\" data-id=\"9382e66\" data-element_type=\"widget\" data-widget_type=\"heading.default\">\n\t\t\t\t<div class=\"elementor-widget-container\">\n\t\t\t\t\t<h5 class=\"elementor-heading-title elementor-size-default\">1. R\u00c9SZ: Bevezet\u00e9s<\/h5>\t\t\t\t<\/div>\n\t\t\t\t<\/div>\n\t\t\t\t<div class=\"elementor-element elementor-element-35d88e0 elementor-widget elementor-widget-heading\" data-id=\"35d88e0\" data-element_type=\"widget\" data-widget_type=\"heading.default\">\n\t\t\t\t<div class=\"elementor-widget-container\">\n\t\t\t\t\t<h5 class=\"elementor-heading-title elementor-size-default\">2. R\u00c9SZ: Jogi aspektusok<\/h5>\t\t\t\t<\/div>\n\t\t\t\t<\/div>\n\t\t\t\t<div class=\"elementor-element elementor-element-d5c8f4e elementor-widget elementor-widget-heading\" data-id=\"d5c8f4e\" data-element_type=\"widget\" data-widget_type=\"heading.default\">\n\t\t\t\t<div class=\"elementor-widget-container\">\n\t\t\t\t\t<h5 class=\"elementor-heading-title elementor-size-default\">3. R\u00c9SZ: \u00c9lelmiszerfelesleg \u00fajraeloszt\u00e1sa<\/h5>\t\t\t\t<\/div>\n\t\t\t\t<\/div>\n\t\t\t\t<div class=\"elementor-element elementor-element-7c4f8f3 elementor-widget elementor-widget-heading\" data-id=\"7c4f8f3\" data-element_type=\"widget\" data-widget_type=\"heading.default\">\n\t\t\t\t<div class=\"elementor-widget-container\">\n\t\t\t\t\t<h5 class=\"elementor-heading-title elementor-size-default\">4. R\u00c9SZ: Min\u0151s\u00e9gbiztos\u00edt\u00e1s<\/h5>\t\t\t\t<\/div>\n\t\t\t\t<\/div>\n\t\t\t\t<div class=\"elementor-element elementor-element-9e11546 elementor-widget elementor-widget-heading\" data-id=\"9e11546\" data-element_type=\"widget\" data-widget_type=\"heading.default\">\n\t\t\t\t<div class=\"elementor-widget-container\">\n\t\t\t\t\t<h5 class=\"elementor-heading-title elementor-size-default\">5. R\u00c9SZ: SWOT anal\u00edzis<\/h5>\t\t\t\t<\/div>\n\t\t\t\t<\/div>\n\t\t\t\t<div class=\"elementor-element elementor-element-827522b elementor-widget elementor-widget-heading\" data-id=\"827522b\" data-element_type=\"widget\" data-widget_type=\"heading.default\">\n\t\t\t\t<div class=\"elementor-widget-container\">\n\t\t\t\t\t<h5 class=\"elementor-heading-title elementor-size-default\">6. R\u00c9SZ: Eszk\u00f6z\u00f6k \u00e9s er\u0151forr\u00e1sok<\/h5>\t\t\t\t<\/div>\n\t\t\t\t<\/div>\n\t\t\t\t\t<\/div>\n\t\t<\/div>\n\t\t\t\t<div class=\"elementor-column elementor-col-50 elementor-top-column elementor-element elementor-element-2287a98 sticky-main\" data-id=\"2287a98\" data-element_type=\"column\">\n\t\t\t<div class=\"elementor-widget-wrap elementor-element-populated\">\n\t\t\t\t\t\t<div class=\"elementor-element elementor-element-42a1ea8 elementor-widget elementor-widget-image\" data-id=\"42a1ea8\" data-element_type=\"widget\" data-widget_type=\"image.default\">\n\t\t\t\t<div class=\"elementor-widget-container\">\n\t\t\t\t\t\t\t\t\t\t\t\t\t\t\t<img fetchpriority=\"high\" decoding=\"async\" width=\"640\" height=\"480\" src=\"https:\/\/www.res-food.eu\/wp-content\/uploads\/2024\/04\/austin-distel-wD1LRb9OeEo-unsplash.jpg\" class=\"attachment-large size-large wp-image-1283\" alt=\"\" srcset=\"https:\/\/www.res-food.eu\/wp-content\/uploads\/2024\/04\/austin-distel-wD1LRb9OeEo-unsplash.jpg 640w, https:\/\/www.res-food.eu\/wp-content\/uploads\/2024\/04\/austin-distel-wD1LRb9OeEo-unsplash-300x225.jpg 300w\" sizes=\"(max-width: 640px) 100vw, 640px\" \/>\t\t\t\t\t\t\t\t\t\t\t\t\t\t\t<\/div>\n\t\t\t\t<\/div>\n\t\t\t\t<section class=\"elementor-section elementor-inner-section elementor-element elementor-element-0682057 sticky-column elementor-section-boxed elementor-section-height-default elementor-section-height-default wpr-particle-no wpr-jarallax-no wpr-parallax-no wpr-sticky-section-no\" data-id=\"0682057\" data-element_type=\"section\">\n\t\t\t\t\t\t<div class=\"elementor-container elementor-column-gap-default\">\n\t\t\t\t\t<div class=\"elementor-column elementor-col-100 elementor-inner-column elementor-element elementor-element-5778e6e\" data-id=\"5778e6e\" data-element_type=\"column\">\n\t\t\t<div class=\"elementor-widget-wrap elementor-element-populated\">\n\t\t\t\t\t\t<div class=\"elementor-element elementor-element-e5319bb elementor-align-justify elementor-widget elementor-widget-button\" data-id=\"e5319bb\" data-element_type=\"widget\" data-widget_type=\"button.default\">\n\t\t\t\t<div class=\"elementor-widget-container\">\n\t\t\t\t\t\t\t\t\t<div class=\"elementor-button-wrapper\">\n\t\t\t\t\t<a class=\"elementor-button elementor-button-link elementor-size-sm\" href=\"https:\/\/www.res-food.eu\/index.php\/methodological-framework-hungarian\/\" target=\"_blank\">\n\t\t\t\t\t\t<span class=\"elementor-button-content-wrapper\">\n\t\t\t\t\t\t<span class=\"elementor-button-icon\">\n\t\t\t\t<i aria-hidden=\"true\" class=\"fas fa-play\"><\/i>\t\t\t<\/span>\n\t\t\t\t\t\t\t\t\t<span class=\"elementor-button-text\">M\u00f3dszertan Elind\u00edt\u00e1sa<\/span>\n\t\t\t\t\t<\/span>\n\t\t\t\t\t<\/a>\n\t\t\t\t<\/div>\n\t\t\t\t\t\t\t\t<\/div>\n\t\t\t\t<\/div>\n\t\t\t\t<div class=\"elementor-element elementor-element-aa6b294 elementor-align-justify elementor-widget elementor-widget-button\" data-id=\"aa6b294\" data-element_type=\"widget\" data-widget_type=\"button.default\">\n\t\t\t\t<div class=\"elementor-widget-container\">\n\t\t\t\t\t\t\t\t\t<div class=\"elementor-button-wrapper\">\n\t\t\t\t\t<a class=\"elementor-button elementor-button-link elementor-size-sm\" href=\"https:\/\/www.res-food.eu\/wp-content\/uploads\/2024\/10\/ReS-Food_Framework_HUN.pdf\" target=\"_blank\">\n\t\t\t\t\t\t<span class=\"elementor-button-content-wrapper\">\n\t\t\t\t\t\t<span class=\"elementor-button-icon\">\n\t\t\t\t<i aria-hidden=\"true\" class=\"fas fa-download\"><\/i>\t\t\t<\/span>\n\t\t\t\t\t\t\t\t\t<span class=\"elementor-button-text\">M\u00f3dszertan Let\u00f6lt\u00e9se<\/span>\n\t\t\t\t\t<\/span>\n\t\t\t\t\t<\/a>\n\t\t\t\t<\/div>\n\t\t\t\t\t\t\t\t<\/div>\n\t\t\t\t<\/div>\n\t\t\t\t\t<\/div>\n\t\t<\/div>\n\t\t\t\t\t<\/div>\n\t\t<\/section>\n\t\t\t\t\t<\/div>\n\t\t<\/div>\n\t\t\t\t\t<\/div>\n\t\t<\/section>\n\t\t\t\t<\/div>\n\t\t","protected":false},"excerpt":{"rendered":"<p>PR1 &#8211; M\u00f3dszertani Keretrendszer A ReS-Food Projekt kezdeti eredm\u00e9nye a M\u00f3dszertani Keretrendszer, amely mind az \u00e9lelmiszerpazarl\u00e1st, mind pedig az \u00e9lelmiszer bizonytalans\u00e1got c\u00e9lozza. Kihangs\u00falyozza a strat\u00e9giai prioriz\u00e1l\u00e1s fontoss\u00e1g\u00e1t, a SWOT elemz\u00e9st, \u00e9s a hat\u00e9kony strat\u00e9gi\u00e1k fejleszt\u00e9s\u00e9t, hogy optimaliz\u00e1lja az \u00e9lelmiszer adom\u00e1nyoz\u00e1st \u00e9s eloszt\u00e1st. A keretrendszer el\u0151t\u00e9rbe helyezi a szab\u00e1lyok betart\u00e1s\u00e1nak jelent\u0151s\u00e9g\u00e9t a jogszab\u00e1lyokkal \u00e9s a technol\u00f3gi\u00e1k befogad\u00e1s\u00e1val \u00e9s kapacit\u00e1s-\u00e9p\u00edt\u0151 kezdem\u00e9nyez\u00e9sekkel, hogy n\u00f6velje a hat\u00e9konys\u00e1g\u00e1t \u00e9s a hat\u00e1s\u00e1t az \u00e9lelmiszerment\u0151 er\u0151fesz\u00edt\u00e9seknek. Tartalom 1. R\u00c9SZ: Bevezet\u00e9s 2. R\u00c9SZ: Jogi aspektusok 3. R\u00c9SZ: \u00c9lelmiszerfelesleg \u00fajraeloszt\u00e1sa 4. R\u00c9SZ: Min\u0151s\u00e9gbiztos\u00edt\u00e1s 5. R\u00c9SZ: SWOT anal\u00edzis 6. R\u00c9SZ: Eszk\u00f6z\u00f6k \u00e9s er\u0151forr\u00e1sok M\u00f3dszertan Elind\u00edt\u00e1sa M\u00f3dszertan Let\u00f6lt\u00e9se<\/p>\n","protected":false},"author":3,"featured_media":0,"parent":0,"menu_order":0,"comment_status":"closed","ping_status":"closed","template":"","meta":{"_exactmetrics_skip_tracking":false,"_exactmetrics_sitenote_active":false,"_exactmetrics_sitenote_note":"","_exactmetrics_sitenote_category":0,"site-sidebar-layout":"no-sidebar","site-content-layout":"page-builder","ast-site-content-layout":"full-width-container","site-content-style":"default","site-sidebar-style":"default","ast-global-header-display":"","ast-banner-title-visibility":"","ast-main-header-display":"","ast-hfb-above-header-display":"","ast-hfb-below-header-display":"","ast-hfb-mobile-header-display":"","site-post-title":"disabled","ast-breadcrumbs-content":"","ast-featured-img":"disabled","footer-sml-layout":"","theme-transparent-header-meta":"default","adv-header-id-meta":"","stick-header-meta":"","header-above-stick-meta":"","header-main-stick-meta":"","header-below-stick-meta":"","astra-migrate-meta-layouts":"set","ast-page-background-enabled":"default","ast-page-background-meta":{"desktop":{"background-color":"var(--ast-global-color-4)","background-image":"","background-repeat":"repeat","background-position":"center center","background-size":"auto","background-attachment":"scroll","background-type":"","background-media":"","overlay-type":"","overlay-color":"","overlay-opacity":"","overlay-gradient":""},"tablet":{"background-color":"","background-image":"","background-repeat":"repeat","background-position":"center center","background-size":"auto","background-attachment":"scroll","background-type":"","background-media":"","overlay-type":"","overlay-color":"","overlay-opacity":"","overlay-gradient":""},"mobile":{"background-color":"","background-image":"","background-repeat":"repeat","background-position":"center center","background-size":"auto","background-attachment":"scroll","background-type":"","background-media":"","overlay-type":"","overlay-color":"","overlay-opacity":"","overlay-gradient":""}},"ast-content-background-meta":{"desktop":{"background-color":"var(--ast-global-color-5)","background-image":"","background-repeat":"repeat","background-position":"center center","background-size":"auto","background-attachment":"scroll","background-type":"","background-media":"","overlay-type":"","overlay-color":"","overlay-opacity":"","overlay-gradient":""},"tablet":{"background-color":"var(--ast-global-color-5)","background-image":"","background-repeat":"repeat","background-position":"center center","background-size":"auto","background-attachment":"scroll","background-type":"","background-media":"","overlay-type":"","overlay-color":"","overlay-opacity":"","overlay-gradient":""},"mobile":{"background-color":"var(--ast-global-color-5)","background-image":"","background-repeat":"repeat","background-position":"center center","background-size":"auto","background-attachment":"scroll","background-type":"","background-media":"","overlay-type":"","overlay-color":"","overlay-opacity":"","overlay-gradient":""}},"footnotes":""},"class_list":["post-3221","page","type-page","status-publish","hentry"],"_links":{"self":[{"href":"https:\/\/www.res-food.eu\/index.php\/wp-json\/wp\/v2\/pages\/3221","targetHints":{"allow":["GET"]}}],"collection":[{"href":"https:\/\/www.res-food.eu\/index.php\/wp-json\/wp\/v2\/pages"}],"about":[{"href":"https:\/\/www.res-food.eu\/index.php\/wp-json\/wp\/v2\/types\/page"}],"author":[{"embeddable":true,"href":"https:\/\/www.res-food.eu\/index.php\/wp-json\/wp\/v2\/users\/3"}],"replies":[{"embeddable":true,"href":"https:\/\/www.res-food.eu\/index.php\/wp-json\/wp\/v2\/comments?post=3221"}],"version-history":[{"count":16,"href":"https:\/\/www.res-food.eu\/index.php\/wp-json\/wp\/v2\/pages\/3221\/revisions"}],"predecessor-version":[{"id":5024,"href":"https:\/\/www.res-food.eu\/index.php\/wp-json\/wp\/v2\/pages\/3221\/revisions\/5024"}],"wp:attachment":[{"href":"https:\/\/www.res-food.eu\/index.php\/wp-json\/wp\/v2\/media?parent=3221"}],"curies":[{"name":"wp","href":"https:\/\/api.w.org\/{rel}","templated":true}]}}